{"id":36,"date":"2018-08-02T18:08:14","date_gmt":"2018-08-02T18:08:14","guid":{"rendered":"https:\/\/metodoalexandra.es\/obesidad\/?page_id=36"},"modified":"2019-06-14T08:15:47","modified_gmt":"2019-06-14T08:15:47","slug":"autora","status":"publish","type":"page","link":"https:\/\/metodoalexandra.es\/obesidad\/autora\/","title":{"rendered":"Autora"},"content":{"rendered":"<p>[et_pb_section bb_built=\u00bb1&#8243; admin_label=\u00bbHero\u00bb custom_padding_last_edited=\u00bbon|desktop\u00bb _builder_version=\u00bb3.17.6&#8243; background_color=\u00bb#ffffff\u00bb background_image=\u00bbhttps:\/\/metodoalexandra.es\/obesidad\/wp-content\/uploads\/2019\/05\/cabeceraBlog_MetodoAlexandra-1024x256_op2.jpg\u00bb background_blend=\u00bbmultiply\u00bb custom_margin_phone=\u00bb0px||0px\u00bb custom_margin_last_edited=\u00bbon|desktop\u00bb custom_padding=\u00bb13px|0px|92px|0px|false|false\u00bb custom_padding_phone=\u00bb10px||0px\u00bb animation_style=\u00bbzoom\u00bb animation_intensity_zoom=\u00bb4%\u00bb next_background_color=\u00bb#ffffff\u00bb][et_pb_row custom_padding=\u00bb50px|0px|0|0px|false|false\u00bb bg_img_2=\u00bbhttps:\/\/metodoalexandra.es\/obesidad\/wp-content\/uploads\/2018\/08\/business-13.jpg\u00bb parallax_2=\u00bbon\u00bb _builder_version=\u00bb3.17.6&#8243; background_size=\u00bbinitial\u00bb background_position=\u00bbtop_left\u00bb background_repeat=\u00bbrepeat\u00bb background_blend=\u00bbmultiply\u00bb animation_style=\u00bbslide\u00bb animation_direction=\u00bbtop\u00bb animation_intensity_slide=\u00bb3%\u00bb][et_pb_column type=\u00bb4_4&#8243;][et_pb_text _builder_version=\u00bb3.17.6&#8243; text_letter_spacing=\u00bb2px\u00bb text_line_height=\u00bb1em\u00bb header_font=\u00bbMontserrat|700||on|||||\u00bb header_text_color=\u00bb#ffffff\u00bb header_font_size=\u00bb32px\u00bb header_font_size_last_edited=\u00bbon|phone\u00bb header_4_letter_spacing=\u00bb3px\u00bb header_4_line_height=\u00bb1.5em\u00bb header_6_letter_spacing=\u00bb2px\u00bb header_6_line_height=\u00bb1.2em\u00bb background_layout=\u00bbdark\u00bb custom_margin=\u00bb0px|||\u00bb custom_margin_last_edited=\u00bbon|phone\u00bb custom_padding=\u00bb0px||40px|\u00bb animation_style=\u00bbfade\u00bb hover_enabled=\u00bb0&#8243; locked=\u00bboff\u00bb text_letter_spacing_last_edited=\u00bbon|desktop\u00bb header_font_size_phone=\u00bb25px\u00bb max_width_phone=\u00bb95%\u00bb max_width_last_edited=\u00bbon|phone\u00bb header_line_height_phone=\u00bb1.1em\u00bb header_line_height_last_edited=\u00bbon|phone\u00bb text_letter_spacing_phone=\u00bb1px\u00bb text_font_size=\u00bb15px\u00bb header_6_font_size_last_edited=\u00bbon|phone\u00bb header_6_letter_spacing_phone=\u00bb1px\u00bb header_6_letter_spacing_last_edited=\u00bbon|phone\u00bb header_6_line_height_last_edited=\u00bbon|phone\u00bb]<\/p>\n<h1><span style=\"color: #ffffff;\">SANDRA FALG\u00c1S FUSTER<\/span><\/h1>\n<h6><strong><span style=\"color: #ffffff;\">PSIC\u00d3LOGA CL\u00cdNICA: M-21035<\/span><\/strong><\/h6>\n<p>[\/et_pb_text][\/et_pb_column][\/et_pb_row][\/et_pb_section][et_pb_section bb_built=\u00bb1&#8243; admin_label=\u00bbSplit Section\u00bb _builder_version=\u00bb3.17.6&#8243; custom_padding=\u00bb0px||0px|\u00bb animation_style=\u00bbfold\u00bb animation_direction=\u00bbbottom\u00bb animation_intensity_fold=\u00bb4%\u00bb prev_background_color=\u00bb#000000&#8243; next_background_color=\u00bb#000000&#8243;][et_pb_row make_fullwidth=\u00bbon\u00bb use_custom_gutter=\u00bbon\u00bb gutter_width=\u00bb1&#8243; custom_padding=\u00bb0px||0px|\u00bb custom_margin=\u00bb0px||0px|\u00bb make_equal=\u00bbon\u00bb background_color_2=\u00bb#e9f0fa\u00bb bg_img_1=\u00bbhttps:\/\/metodoalexandra.es\/obesidad\/wp-content\/uploads\/2019\/05\/autora-metodo-alexandra-2.jpg\u00bb background_position_1=\u00bbtop_left\u00bb background_position_2=\u00bbtop_left\u00bb background_repeat_1=\u00bbno-repeat\u00bb background_repeat_2=\u00bbno-repeat\u00bb use_background_color_gradient_1=\u00bbon\u00bb padding_top_2=\u00bb8%\u00bb padding_right_2=\u00bb6%\u00bb padding_bottom_2=\u00bb8%\u00bb padding_left_2=\u00bb6%\u00bb _builder_version=\u00bb3.17.6&#8243; background_size=\u00bbinitial\u00bb background_position=\u00bbtop_left\u00bb background_repeat=\u00bbrepeat\u00bb][et_pb_column type=\u00bb1_3&#8243;][\/et_pb_column][et_pb_column type=\u00bb2_3&#8243;][et_pb_text admin_label=\u00bbautora\u00bb _builder_version=\u00bb3.17.6&#8243; text_text_color=\u00bb#747d88&#8243; text_font_size=\u00bb15px\u00bb text_font_size_last_edited=\u00bbon|phone\u00bb text_line_height=\u00bb1.6em\u00bb text_line_height_phone=\u00bb1.4em\u00bb text_line_height_last_edited=\u00bbon|phone\u00bb header_text_color=\u00bb#4d92cf\u00bb header_font_size_phone=\u00bb21px\u00bb header_font_size_last_edited=\u00bbon|phone\u00bb header_line_height_phone=\u00bb1.1em\u00bb header_line_height_last_edited=\u00bbon|phone\u00bb]<\/p>\n<h1>Autora del M\u00e9todo Alexandra<\/h1>\n<p>Se licenci\u00f3 en <strong>Psicolog\u00eda Cl\u00ednica <\/strong>por la Universidad Complutense de Madrid, complementando su formaci\u00f3n acad\u00e9mica con: PNL y Coaching en el Instituto Gestalt de Barcelona; Intervenci\u00f3n Psicoeducativa en la Facultad de Educaci\u00f3n de Madrid (UCM); Medicina Psicosom\u00e1tica y de la Salud, en la Sociedad Espa\u00f1ola de Medicina Psicosom\u00e1tica y Psicoterapia; T\u00e9cnicas de Reducci\u00f3n del Estr\u00e9s con Mindfulness (U.C.M) y formaci\u00f3n para profesionales sobre Trastornos Alimentarios y Obesidad en Buenos Aires. Durante su pr\u00e1ctica cl\u00ednica tambi\u00e9n adquiri\u00f3 conocimientos sobre diversas Terapias Alternativas y Medicina Natural, as\u00ed como de Psicolog\u00eda Humanista y Transpersonal.<\/p>\n<p>La idea del proyecto <strong>M\u00c9TODO ALEXANDRA<\/strong> surge en base a su pr\u00e1ctica profesional en el tratamiento de la obesidad desde 2009, al observar que exist\u00edan ciertos patrones disfuncionales comunes en la mayor parte de sus pacientes. El contenido del programa abarca los aspectos relevantes para superar la faceta psicoemocional de la obesidad. Tras la experiencia con varias t\u00e9cnicas de intervenci\u00f3n, consigue un m\u00e9todo de ense\u00f1anza ordenado por fases de aprendizaje, estructurado en varios m\u00f3dulos que trabajan las dificultades de los pacientes a trav\u00e9s de psicodin\u00e1micas de grupo y ejercicios psicopedag\u00f3gicos.<\/p>\n<p><strong>Psic\u00f3loga Cl\u00ednica: M-21035<\/strong><\/p>\n<p>[\/et_pb_text][\/et_pb_column][\/et_pb_row][\/et_pb_section][et_pb_section bb_built=\u00bb1&#8243; _builder_version=\u00bb3.12.2&#8243; custom_padding=\u00bb40px|0px|40px|0px|true|false\u00bb prev_background_color=\u00bb#000000&#8243;][et_pb_row custom_padding=\u00bb27px|0|27px|0|false|false\u00bb _builder_version=\u00bb3.12.2&#8243;][et_pb_column type=\u00bb4_4&#8243;][et_pb_image src=\u00bbhttps:\/\/metodoalexandra.es\/obesidad\/wp-content\/uploads\/2018\/08\/MetodoAlexandra_PsicologiaObesidad_peque.png\u00bb align=\u00bbcenter\u00bb _builder_version=\u00bb3.17.6&#8243; max_width=\u00bb30%\u00bb]<\/p>\n<p>[\/et_pb_image][et_pb_cta admin_label=\u00bbDescarga el programa\u00bb title=\u00bbPSICOLOG\u00cdA EN LA OBESIDAD\u00bb button_url=\u00bbhttps:\/\/metodoalexandra.es\/obesidad\/el-metodo\/\u00bb url_new_window=\u00bbon\u00bb button_text=\u00bbConoce el M\u00e9todo\u00bb _builder_version=\u00bb3.17.6&#8243; header_font=\u00bb|500|||||||\u00bb header_text_align=\u00bbcenter\u00bb header_text_color=\u00bb#4d92cf\u00bb header_font_size=\u00bb30&#8243; header_font_size_phone=\u00bb21&#8243; header_font_size_last_edited=\u00bbon|phone\u00bb header_line_height_phone=\u00bb1.1em\u00bb header_line_height_last_edited=\u00bbon|phone\u00bb body_text_align=\u00bbleft\u00bb body_text_color=\u00bb#747d88&#8243; body_font_size=\u00bb15&#8243; body_line_height=\u00bb1.6em\u00bb body_line_height_phone=\u00bb1.4em\u00bb body_line_height_last_edited=\u00bbon|phone\u00bb use_background_color=\u00bboff\u00bb custom_button=\u00bbon\u00bb button_text_size=\u00bb16&#8243; button_text_color=\u00bb#ffffff\u00bb button_bg_color=\u00bb#cadaf1&#8243; button_border_color=\u00bb#cadaf1&#8243; button_border_radius=\u00bb0&#8243; button_letter_spacing=\u00bb2&#8243; button_font=\u00bbMontserrat|||on|\u00bb button_use_icon=\u00bboff\u00bb button_alignment=\u00bbcenter\u00bb module_alignment=\u00bbcenter\u00bb animation_style=\u00bbfold\u00bb animation_direction=\u00bbbottom\u00bb animation_intensity_fold=\u00bb15%\u00bb saved_tabs=\u00bball\u00bb locked=\u00bboff\u00bb button_text_size__hover_enabled=\u00bboff\u00bb button_text_size__hover=\u00bbnull\u00bb button_one_text_size__hover_enabled=\u00bboff\u00bb button_one_text_size__hover=\u00bbnull\u00bb button_two_text_size__hover_enabled=\u00bboff\u00bb button_two_text_size__hover=\u00bbnull\u00bb button_text_color__hover_enabled=\u00bbon\u00bb button_text_color__hover=\u00bb#4d92cf\u00bb button_one_text_color__hover_enabled=\u00bboff\u00bb button_one_text_color__hover=\u00bbnull\u00bb button_two_text_color__hover_enabled=\u00bboff\u00bb button_two_text_color__hover=\u00bbnull\u00bb button_border_width__hover_enabled=\u00bboff\u00bb button_border_width__hover=\u00bbnull\u00bb button_one_border_width__hover_enabled=\u00bboff\u00bb button_one_border_width__hover=\u00bbnull\u00bb button_two_border_width__hover_enabled=\u00bboff\u00bb button_two_border_width__hover=\u00bbnull\u00bb button_border_color__hover_enabled=\u00bbon\u00bb button_border_color__hover=\u00bb#cadaf1&#8243; button_one_border_color__hover_enabled=\u00bboff\u00bb button_one_border_color__hover=\u00bbnull\u00bb button_two_border_color__hover_enabled=\u00bboff\u00bb button_two_border_color__hover=\u00bbnull\u00bb button_border_radius__hover_enabled=\u00bbon\u00bb button_border_radius__hover=\u00bb0&#8243; button_one_border_radius__hover_enabled=\u00bboff\u00bb button_one_border_radius__hover=\u00bbnull\u00bb button_two_border_radius__hover_enabled=\u00bboff\u00bb button_two_border_radius__hover=\u00bbnull\u00bb button_letter_spacing__hover_enabled=\u00bbon\u00bb button_letter_spacing__hover=\u00bb2&#8243; button_one_letter_spacing__hover_enabled=\u00bboff\u00bb button_one_letter_spacing__hover=\u00bbnull\u00bb button_two_letter_spacing__hover_enabled=\u00bboff\u00bb button_two_letter_spacing__hover=\u00bbnull\u00bb button_bg_color__hover_enabled=\u00bbon\u00bb button_bg_color__hover=\u00bbrgba(255,255,255,0)\u00bb button_one_bg_color__hover_enabled=\u00bboff\u00bb button_one_bg_color__hover=\u00bbnull\u00bb button_two_bg_color__hover_enabled=\u00bboff\u00bb button_two_bg_color__hover=\u00bbnull\u00bb]<\/p>\n<p>Existe una gran tasa de abandono en los tratamientos para adelgazar y el esfuerzo a corto plazo no es eficaz para estabilizar el peso, ya que muchas veces las variables psicoemocionales que act\u00faan sobre el problema quedan sin resolver.<\/p>\n<p><strong>M\u00c9TODO ALEXANDRA<\/strong> est\u00e1 dise\u00f1ado para ayudar a pacientes de obesidad y personas con dificultades en su conducta alimentaria. Si sufres de ansiedad por la comida, sientes que no puedes controlar tus impulsos por algunos alimentos o te cuesta seguir una dieta este curso es para ti.<\/p>\n<p>[\/et_pb_cta][\/et_pb_column][\/et_pb_row][\/et_pb_section]<\/p>\n","protected":false},"excerpt":{"rendered":"<p>SANDRA FALG\u00c1S FUSTERPSIC\u00d3LOGA CL\u00cdNICA: M-21035 Autora del M\u00e9todo Alexandra Se licenci\u00f3 en Psicolog\u00eda Cl\u00ednica por la Universidad Complutense de Madrid, complementando su formaci\u00f3n acad\u00e9mica con: PNL y Coaching en el Instituto Gestalt de Barcelona; Intervenci\u00f3n Psicoeducativa en la Facultad de Educaci\u00f3n de Madrid (UCM); Medicina Psicosom\u00e1tica y de la Salud, en la Sociedad Espa\u00f1ola de [&hellip;]<\/p>\n","protected":false},"author":1,"featured_media":0,"parent":0,"menu_order":0,"comment_status":"closed","ping_status":"closed","template":"","meta":{"_et_pb_use_builder":"on","_et_pb_old_content":"<p>Puedes ser un artista que quiere presentarse a s\u00ed mismo y a su trabajo o eres un negocio con una misi\u00f3n que describir.<\/p>","_et_gb_content_width":"","footnotes":""},"_links":{"self":[{"href":"https:\/\/metodoalexandra.es\/obesidad\/wp-json\/wp\/v2\/pages\/36"}],"collection":[{"href":"https:\/\/metodoalexandra.es\/obesidad\/wp-json\/wp\/v2\/pages"}],"about":[{"href":"https:\/\/metodoalexandra.es\/obesidad\/wp-json\/wp\/v2\/types\/page"}],"author":[{"embeddable":true,"href":"https:\/\/metodoalexandra.es\/obesidad\/wp-json\/wp\/v2\/users\/1"}],"replies":[{"embeddable":true,"href":"https:\/\/metodoalexandra.es\/obesidad\/wp-json\/wp\/v2\/comments?post=36"}],"version-history":[{"count":74,"href":"https:\/\/metodoalexandra.es\/obesidad\/wp-json\/wp\/v2\/pages\/36\/revisions"}],"predecessor-version":[{"id":2775,"href":"https:\/\/metodoalexandra.es\/obesidad\/wp-json\/wp\/v2\/pages\/36\/revisions\/2775"}],"wp:attachment":[{"href":"https:\/\/metodoalexandra.es\/obesidad\/wp-json\/wp\/v2\/media?parent=36"}],"curies":[{"name":"wp","href":"https:\/\/api.w.org\/{rel}","templated":true}]}}